Let p(x) = -x**3 + 11*x**2 + 73*x - 271. Determine p(15).
-76
Let l(i) = -1147*i + 4524. What is l(4)?
-64
Let u(i) = -3*i**3 + 673*i**2 + 461*i - 1125. Determine u(225).
1350
Let x(k) = -k**3 + 172*k**2 + 8985*k + 639. Give x(214).
-3
Let z(m) = m**2 + 3106*m + 230313. What is z(-76)?
33
Let u(g) = -74*g**3 + 68*g**2 - 64*g - 1. What is u(1)?
-71
Let c(s) = 62134*s + 186408. Give c(-3).
6
Let p(b) = 31*b**3 - 1579*b**2 - 183*b + 4117. Determine p(51).
-14
Let s(y) = -4*y**3 - 364*y**2 - 415*y - 4989. Give s(-90).
-39
Let d(z) = -10*z**2 + 4158*z - 60130. What is d(15)?
-10
Let q(l) = -81*l**3 - 5*l**2 + 3*l + 18. Calculate q(2).
-644
Let v(r) = -11*r**2 + 477*r + 29900. Determine v(78).
182
Let d(t) = 4*t**3 - 87*t**2 - 555*t + 5750. Calculate d(25).
0
Let g(r) = 2*r**2 - 804*r + 16030. Calculate g(381).
28
Let p(x) = 685*x**2 - 548683*x - 1611. Give p(801).
-9
Let n(k) = 76*k**2 + 110*k + 71. Give n(-2).
155
Let t(w) = -w**2 - 35*w - 602. What is t(-41)?
-848
Let g(k) = -2*k**3 + 71*k**2 + 115*k - 1462. Give g(4).
6
Let a(o) = -38695*o - 38654. Calculate a(-1).
41
Let b(k) = -4*k**3 - 14*k**2 + 160*k + 197. Determine b(7).
-741
Let h(g) = -g**3 - 238*g**2 - 1515*g + 23607. What is h(-231)?
45
Let q(l) = 1884*l + 1295. Determine q(0).
1295
Let r(q) = -21*q**2 + 408*q - 1796. Determine r(20).
-2036
Let m(c) = -3554*c + 717814. Calculate m(202).
-94
Let j(r) = -r**3 - 15*r**2 + 2*r - 217. Calculate j(0).
-217
Let j(a) = 372410*a - 3351712. Calculate j(9).
-22
Let p(n) = 2980*n - 149012. Determine p(50).
-12
Let a(v) = -v**3 - 246*v**2 + 2858*v - 312. Determine a(11).
29
Let v(r) = -12*r**2 + 146*r - 235. Give v(12).
-211
Let m(n) = 13436*n - 765855. Give m(57).
-3
Let x(j) = j**3 - 19*j**2 + 922*j - 14355. What is x(16)?
-371
Let l(i) = -i**3 + 29*i**2 + 263*i - 8115. Give l(28).
33
Let s(m) = 604*m**3 + 3*m**2 + 641*m - 644. What is s(1)?
604
Let a(d) = -9068*d - 45181. Determine a(-5).
159
Let c(x) = -569*x + 103557. Determine c(174).
4551
Let x(o) = -2*o**2 + 1114*o - 154846. Give x(263).
-202
Let l(z) = 12*z**2 - 170*z - 433. Give l(17).
145
Let m(j) = -2*j**2 + 239*j - 67. Determine m(120).
-187
Let q(s) = s**2 - 331*s + 27736. Give q(178).
502
Let b(f) = -1278*f - 214701. What is b(-168)?
3
Let t(c) = 2517*c + 57838. Calculate t(-23).
-53
Let g(j) = 544*j - 53538. Determine g(100).
862
Let p(w) = -303*w**2 - 111*w + 112. Calculate p(1).
-302
Let f(g) = -1548*g**2 - 385*g - 383. Calculate f(-1).
-1546
Let s(r) = -r**3 - 40*r**2 + 190*r + 4441. Give s(-42).
-11
Let n(g) = -g**3 - 183*g**2 - 1245*g - 111. What is n(-7)?
-20
Let f(m) = 191*m**2 + 271*m - 79. Determine f(-1).
-159
Let q(v) = 2*v**2 + 11231*v + 44923. Calculate q(-4).
31
Let z(g) = -2*g**2 - 10*g + 116. Calculate z(-30).
-1384
Let w(s) = 8*s**3 + 981*s**2 + 1574*s + 124. What is w(-121)?
3
Let h(r) = r**2 - 898*r - 4528. Determine h(-5).
-13
Let z(q) = 2*q**3 - 25*q**2 - 976*q + 10239. Determine z(10).
-21
Let j(u) = -u**3 + 2872*u**2 - 11490*u + 75. Determine j(4).
3
Let y(i) = -28*i**2 + 988*i - 8567. Determine y(20).
-7
Let s(a) = -81*a**2 + 1053*a - 2919. What is s(9)?
-3
Let f(c) = -c**3 + 114*c**2 + 554*c - 9978. Determine f(118).
-302
Let k(q) = -4*q**2 + 614*q + 14646. Give k(-21).
-12
Let o(u) = -u**3 + 141*u**2 + 131*u + 1569. Give o(142).
7
Let f(p) = 29151*p + 349515. Give f(-12).
-297
Let i(d) = 2*d**2 - 21*d + 2. Determine i(-3).
83
Let l(x) = 40*x**3 - 2*x**2 - 18*x - 26. Determine l(-3).
-1070
Let v(x) = 5892*x + 124176. Give v(-21).
444
Let q(m) = 24*m + 6420. Determine q(-268).
-12
Let l(r) = -2*r**3 + 2501*r**2 - 68445*r - 423. Give l(28).
-3
Let x(c) = -84*c + 14455. Give x(174).
-161
Let a(o) = -19*o**3 - 120*o**2 + 965*o - 161. Give a(-11).
-7
Let i(v) = 330*v**3 - 1319*v**2 - 6*v + 21. What is i(4)?
13
Let b(w) = -w**3 + 2*w**2 + 35887*w - 71776. Determine b(2).
-2
Let q(c) = -5*c**2 - 379*c - 567. Calculate q(-74).
99
Let y(p) = 8*p**2 - 307*p + 605. Determine y(36).
-79
Let t(j) = 4470*j + 49151. Determine t(-11).
-19
Let l(f) = 83*f + 65620. Give l(-788).
216
Let q(a) = -a**3 - 28*a**2 + 24*a - 1042. Calculate q(-30).
38
Let r(b) = -167*b**2 - 264700*b - 7929. What is r(-1585)?
-4
Let w(j) = -404*j**2 - 376*j - 376. Calculate w(-1).
-404
Let a(t) = 23181*t + 69450. Determine a(-3).
-93
Let q(y) = 2*y**2 - 977*y + 30055. Calculate q(33).
-8
Let s(m) = -m**2 + 2535*m + 25449. Give s(-10).
-1
Let n(k) = 83*k - 3299. Give n(57).
1432
Let z(c) = 41*c**2 - 328*c - 2275. Give z(-7).
2030
Let a(w) = 16*w**2 - 493*w + 4995. Determine a(12).
1383
Let l(k) = -197*k + 153506. Calculate l(779).
43
Let b(q) = q**3 + 791*q**2 + 5553*q - 25. Calculate b(-7).
-480
Let f(v) = v**3 + 4*v**2 + 43*v + 174. Calculate f(-11).
-1146
Let j(d) = -766*d - 6067. Give j(-6).
-1471
Let z(t) = -t**3 - 180*t**2 - 1708*t - 2588. What is z(-8)?
68
Let g(o) = 15*o**2 - 33*o + 129. Give g(4).
237
Let c(t) = 52*t**2 - 50*t - 107. Calculate c(-3).
511
Let p(w) = 13*w**2 + 4733*w + 42666. Calculate p(-9).
1122
Let t(z) = -z**3 + 129*z**2 - 213*z - 5206. Calculate t(127).
1
Let z(s) = 2*s**3 + 346*s**2 - 430*s - 14221. What is z(-174)?
47
Let p(h) = 255*h**2 + 2563*h + 123. Determine p(-10).
-7
Let z(g) = g**3 + 12*g**2 - 523*g - 6274. What is z(-12)?
2
Let h(t) = 733*t + 41678. What is h(-57)?
-103
Let r(f) = -373*f - 7065. Calculate r(-18).
-351
Let j(c) = -1366*c**2 + 1363*c - 17. Calculate j(1).
-20
Let w(n) = -464966*n - 8369385. What is w(-18)?
3
Let v(p) = 7019*p + 103784. Give v(-15).
-1501
Let t(l) = 21*l + 2326. Give t(-88).
478
Let o(a) = -a**3 - 68*a**2 + 2099*a + 577. What is o(-91)?
31
Let s(b) = 8220*b - 591844. Give s(72).
-4
Let j(i) = 1420*i - 50272. Calculate j(37).
2268
Let i(v) = 274475*v + 274435. Calculate i(-1).
-40
Let m(n) = n**3 - 56*n**2 - 2006*n - 1476. Give m(81).
63
Let o(j) = 23*j**2 - 4271*j + 86065. Determine o(23).
-1
Let a(b) = -1135*b - 49940. Determine a(-44).
0
Let v(b) = 17*b**2 - 1770*b + 2058. Give v(103).
101
Let d(n) = -n**3 - 17*n**2 + 17*n - 1396. Give d(-21).
11
Let s(o) = 2*o**2 - 17*o - 1581. What is s(-23)?
-132
Let n(r) = -r**3 - 1783*r**2 - 794677*r + 4403. Determine n(-882).
-7
Let g(s) = 15742*s + 63788. What is g(-4)?
820
Let h(f) = 8*f**3 + 88*f**2 - 387*f - 4297. Give h(-11).
-40
Let h(o) = o**3 - 19*o**2 + 11*o - 34. What is h(21)?
1079
Let m(i) = 168*i**3 - 859*i**2 + 99*i - 21. Give m(5).
-1
Let p(f) = -14*f**2 + 633*f + 9371. What is p(-15)?
-3274
Let n(c) = -436*c**2 - 3412*c - 2. Calculate n(-8).
-610
Let v(x) = 1081*x + 302692. Give v(-280).
12
Let o(r) = 11*r**2 - 76*r + 57. What is o(2)?
-51
Let m(q) = -q**2 + 1926*q - 2464. Calculate m(0).
-2464
Let t(m) = m**3 - 183*m**2 - 802*m + 45361. What is t(186)?
-23
Let v(c) = -42082*c - 2356592. Calculate v(-56).
0
Let g(v) = -50*v**2 + 332*v + 672. Give g(-2).
-192
Let u(c) = -508*c + 9163. Calculate u(18).
19
Let y(l) = 3*l + 863. Give y(12).
899
Let o(q) = 429*q - 214516. Give o(500).
-16
Let i(t) = -8*t**3 + 358*t**2 + 99*t - 207. What is i(45)?
198
Let t(r) = -86*r**2 + 5317*r + 924. Determine t(62).
-6
Let p(x) = 3*x**3 + 36*x**2 - 27*x - 135. What is p(-11)?
525
Let s(b) = -b**3 + 64*b**2 + 172*b - 6987. Calculate s(65).
-32
Let t(i) = -1387*i - 6709. What is t(-4)?
-1161
Let r(v) = -201263*v - 2817681. Calculate r(-14).
1
Let u(p) = 27*p**3 + 83*p**2 + 8*p + 5. Determine u(-3).
-1
Let d(i) = -1250*i**2 + 77500*i + 10. Determine d(62).
10
Let t(h) = 6597*h - 422182. Determine t(64).
26
Let u(b) = -2882*b - 2472758. What is u(-858)?
-2
Let k(f) = 1131*f - 17371. Determine k(11).
-4930
Let n(d) = -d**3 - 22*d**2 + 42*d + 445. Give n(-23).
8
Let z(n) = -n**2 + 1231*n - 304626. Determine z(888).
-42
Let n(f) = 5234*f + 779861. Calculate n(-149).
-5
Let r(g) = 4374*g + 284524. Calculate r(-65).
214
Let f(i) = 3*i**2 - 1368*i + 3721. Give f(453).
-356
Let w(k) = 1740*k - 1468547. Calculate w(844).
13
Let s(x) = -10163*x + 193078. Give s(19).
-19
Let q(w) = -2*w**2 - 2284*w - 22655. Calculate q(-10).
-15
Let a(q) = -q**2 + 138*q + 147. Calculate a(146).
-1021
Let s(p) = -5*p**2 + 14556*p + 102129. What is s(-7)?
-8
Let n(d) = 15*d**2 + 1272*d + 15821. Calculate n(-15).
116
Let j(t) = -t**3 - 21*t**2 + 439*t + 220. Give j(-34).
322
Let o(g) = -g**3 - 39*g**2 + 71*g + 1590. Calcu